{"id":24,"date":"2022-03-11T11:21:11","date_gmt":"2022-03-11T11:21:11","guid":{"rendered":"https:\/\/kunstfelscher.de\/?page_id=24"},"modified":"2026-03-26T12:09:59","modified_gmt":"2026-03-26T12:09:59","slug":"aktuelles","status":"publish","type":"page","link":"https:\/\/kunstfelscher.de\/?page_id=24","title":{"rendered":"Aktuelles"},"content":{"rendered":"\n<h2 class=\"wp-block-heading has-text-align-center\"><strong>Frische Luft f\u00fcr meine Kunst \/ Reif f\u00fcr die Insel<\/strong><\/h2>\n\n\n\n<figure class=\"wp-block-video\"><video height=\"480\" style=\"aspect-ratio: 854 \/ 480;\" width=\"854\" controls src=\"https:\/\/kunstfelscher.de\/wp-content\/uploads\/2026\/03\/Strand_2.mp4\"><\/video><\/figure>\n\n\n\n<div style=\"height:50px\" aria-hidden=\"true\" class=\"wp-block-spacer\"><\/div>\n\n\n\n<p>Ende Mai geht es f\u00fcr meine Kunst in den hohen Norden und ich freue mich sehr, eine Auswahl meiner Werke im Hotel Rungholt in Kampen auf Sylt ab 31. Mai zeigen zu d\u00fcrfen.<\/p>\n\n\n\n<p>Mit Sylt f\u00fchle ich mich seit meiner Kindheit tief verbunden und ich genie\u00dfe die Insel so oft ich kann. Umso sch\u00f6ner also, dass ein Teil meiner Arbeiten nun seine positive Energie an diesem sch\u00f6nen Platz im entspannten Ambiente des traditionsreichen Rungholt entfalten kann.<\/p>\n\n\n<div class=\"wp-block-image\">\n<figure class=\"aligncenter size-full\"><a href=\"https:\/\/hotel-rungholt.de\/\" target=\"_blank\" rel=\" noreferrer noopener\"><img loading=\"lazy\" decoding=\"async\" width=\"300\" height=\"165\" src=\"https:\/\/kunstfelscher.de\/wp-content\/uploads\/2026\/03\/Logo_Rungholt-300x165-1.png\" alt=\"\" class=\"wp-image-2332\"\/><\/a><\/figure>\n<\/div>\n\n\n<p>Unterst\u00fctzt werde ich bei diesem Projekt vom Logistikprofi ANYTIME 365, einem internationalen Logistikdienstleister, der f\u00fcr einen reibungslosen und sicheren Transport meiner Werke sorgt. Schon jetzt: Ganz lieben Dank an die hoch motivierte Crew von ANYTIME365!!!<\/p>\n\n\n\n<div style=\"height:50px\" aria-hidden=\"true\" class=\"wp-block-spacer\"><\/div>\n\n\n<div class=\"wp-block-image\">\n<figure class=\"aligncenter size-large is-resized\"><a href=\"https:\/\/www.anytime365.com\/\" target=\"_blank\" rel=\" noreferrer noopener\"><img loading=\"lazy\" decoding=\"async\" width=\"1024\" height=\"154\" src=\"https:\/\/kunstfelscher.de\/wp-content\/uploads\/2026\/03\/AnyTime-1024x154.jpg\" alt=\"\" class=\"wp-image-2331\" style=\"aspect-ratio:6.649076383302304;width:296px;height:auto\" srcset=\"https:\/\/kunstfelscher.de\/wp-content\/uploads\/2026\/03\/AnyTime-1024x154.jpg 1024w, https:\/\/kunstfelscher.de\/wp-content\/uploads\/2026\/03\/AnyTime-300x45.jpg 300w, https:\/\/kunstfelscher.de\/wp-content\/uploads\/2026\/03\/AnyTime-768x116.jpg 768w, https:\/\/kunstfelscher.de\/wp-content\/uploads\/2026\/03\/AnyTime.jpg 1280w\" sizes=\"auto, (max-width: 1024px) 100vw, 1024px\" \/><\/a><\/figure>\n<\/div>\n\n\n<div style=\"height:50px\" aria-hidden=\"true\" class=\"wp-block-spacer\"><\/div>\n\n\n\n<p>Gemeinsam schaffen wir etwas, das nachhaltig bleibt: Ein rundum gutes Gef\u00fchl mit Meeresrauschen!<\/p>\n\n\n\n<div style=\"height:50px\" aria-hidden=\"true\" class=\"wp-block-spacer\"><\/div>\n\n\n\n<h2 class=\"wp-block-heading has-text-align-center\">Bald meer dazu&#8230;<\/h2>\n","protected":false},"excerpt":{"rendered":"<p>Frische Luft f\u00fcr meine Kunst \/ Reif f\u00fcr die Insel Ende Mai geht es f\u00fcr meine Kunst in den hohen Norden und ich freue mich sehr, eine Auswahl meiner Werke im Hotel Rungholt in Kampen auf Sylt ab 31. Mai zeigen zu d\u00fcrfen. Mit Sylt f\u00fchle ich mich seit meiner Kindheit tief verbunden und ich [&hellip;]<\/p>\n","protected":false},"author":1,"featured_media":0,"parent":0,"menu_order":0,"comment_status":"closed","ping_status":"closed","template":"templates\/template-page-full-width.php","meta":{"ngg_post_thumbnail":0,"footnotes":""},"class_list":["post-24","page","type-page","status-publish","hentry"],"_links":{"self":[{"href":"https:\/\/kunstfelscher.de\/index.php?rest_route=\/wp\/v2\/pages\/24","targetHints":{"allow":["GET"]}}],"collection":[{"href":"https:\/\/kunstfelscher.de\/index.php?rest_route=\/wp\/v2\/pages"}],"about":[{"href":"https:\/\/kunstfelscher.de\/index.php?rest_route=\/wp\/v2\/types\/page"}],"author":[{"embeddable":true,"href":"https:\/\/kunstfelscher.de\/index.php?rest_route=\/wp\/v2\/users\/1"}],"replies":[{"embeddable":true,"href":"https:\/\/kunstfelscher.de\/index.php?rest_route=%2Fwp%2Fv2%2Fcomments&post=24"}],"version-history":[{"count":183,"href":"https:\/\/kunstfelscher.de\/index.php?rest_route=\/wp\/v2\/pages\/24\/revisions"}],"predecessor-version":[{"id":2361,"href":"https:\/\/kunstfelscher.de\/index.php?rest_route=\/wp\/v2\/pages\/24\/revisions\/2361"}],"wp:attachment":[{"href":"https:\/\/kunstfelscher.de\/index.php?rest_route=%2Fwp%2Fv2%2Fmedia&parent=24"}],"curies":[{"name":"wp","href":"https:\/\/api.w.org\/{rel}","templated":true}]}}

<h2 class="wp-block-heading has-text-align-center"><strong>Frische Luft für meine Kunst / Reif für die Insel</strong></h2>



<figure class="wp-block-video"><video height="480" style="aspect-ratio: 854 / 480;" width="854" controls src="https://kunstfelscher.de/wp-content/uploads/2026/03/Strand_2.mp4"></video></figure>



<div style="height:50px" aria-hidden="true" class="wp-block-spacer"></div>



<p>Ende Mai geht es für meine Kunst in den hohen Norden und ich freue mich sehr, eine Auswahl meiner Werke im Hotel Rungholt in Kampen auf Sylt ab 31. Mai zeigen zu dürfen.</p>



<p>Mit Sylt fühle ich mich seit meiner Kindheit tief verbunden und ich genieße die Insel so oft ich kann. Umso schöner also, dass ein Teil meiner Arbeiten nun seine positive Energie an diesem schönen Platz im entspannten Ambiente des traditionsreichen Rungholt entfalten kann.</p>


<div class="wp-block-image">
<figure class="aligncenter size-full"><a href="https://hotel-rungholt.de/" target="_blank" rel=" noreferrer noopener"><img loading="lazy" decoding="async" width="300" height="165" src="https://kunstfelscher.de/wp-content/uploads/2026/03/Logo_Rungholt-300x165-1.png" alt="" class="wp-image-2332"/></a></figure>
</div>


<p>Unterstützt werde ich bei diesem Projekt vom Logistikprofi ANYTIME 365, einem internationalen Logistikdienstleister, der für einen reibungslosen und sicheren Transport meiner Werke sorgt. Schon jetzt: Ganz lieben Dank an die hoch motivierte Crew von ANYTIME365!!!</p>



<div style="height:50px" aria-hidden="true" class="wp-block-spacer"></div>


<div class="wp-block-image">
<figure class="aligncenter size-large is-resized"><a href="https://www.anytime365.com/" target="_blank" rel=" noreferrer noopener"><img loading="lazy" decoding="async" width="1024" height="154" src="https://kunstfelscher.de/wp-content/uploads/2026/03/AnyTime-1024x154.jpg" alt="" class="wp-image-2331" style="aspect-ratio:6.649076383302304;width:296px;height:auto" srcset="https://kunstfelscher.de/wp-content/uploads/2026/03/AnyTime-1024x154.jpg 1024w, https://kunstfelscher.de/wp-content/uploads/2026/03/AnyTime-300x45.jpg 300w, https://kunstfelscher.de/wp-content/uploads/2026/03/AnyTime-768x116.jpg 768w, https://kunstfelscher.de/wp-content/uploads/2026/03/AnyTime.jpg 1280w" sizes="auto, (max-width: 1024px) 100vw, 1024px" /></a></figure>
</div>


<div style="height:50px" aria-hidden="true" class="wp-block-spacer"></div>



<p>Gemeinsam schaffen wir etwas, das nachhaltig bleibt: Ein rundum gutes Gefühl mit Meeresrauschen!</p>



<div style="height:50px" aria-hidden="true" class="wp-block-spacer"></div>



<h2 class="wp-block-heading has-text-align-center">Bald meer dazu&#8230;</h2>

<p>Frische Luft für meine Kunst / Reif für die Insel Ende Mai geht es für meine Kunst in den hohen Norden und ich freue mich sehr, eine Auswahl meiner Werke im Hotel Rungholt in Kampen auf Sylt ab 31. Mai zeigen zu dürfen. Mit Sylt fühle ich mich seit meiner Kindheit tief verbunden und ich [&hellip;]</p>
