{"id":2292,"date":"2026-03-06T10:52:56","date_gmt":"2026-03-06T10:52:56","guid":{"rendered":"https:\/\/kunstfelscher.de\/?page_id=2292"},"modified":"2026-03-06T11:02:18","modified_gmt":"2026-03-06T11:02:18","slug":"kunst-fuer-raum-und-seele","status":"publish","type":"page","link":"https:\/\/kunstfelscher.de\/?page_id=2292","title":{"rendered":"Kunst f\u00fcr Raum und Seele"},"content":{"rendered":"\n<h2 class=\"wp-block-heading\">Kunst f\u00fcr Raum und Seele<\/h2>\n\n\n\n<figure class=\"wp-block-gallery has-nested-images columns-default is-cropped wp-block-gallery-1 is-layout-flex wp-block-gallery-is-layout-flex\">\n<figure class=\"wp-block-image size-full\"><img loading=\"lazy\" decoding=\"async\" width=\"1141\" height=\"1057\" data-id=\"2252\" src=\"https:\/\/kunstfelscher.de\/wp-content\/uploads\/2026\/02\/20250727_182144_Bild-im-Wohnraum2.png\" alt=\"\" class=\"wp-image-2252\" srcset=\"https:\/\/kunstfelscher.de\/wp-content\/uploads\/2026\/02\/20250727_182144_Bild-im-Wohnraum2.png 1141w, https:\/\/kunstfelscher.de\/wp-content\/uploads\/2026\/02\/20250727_182144_Bild-im-Wohnraum2-300x278.png 300w, https:\/\/kunstfelscher.de\/wp-content\/uploads\/2026\/02\/20250727_182144_Bild-im-Wohnraum2-1024x949.png 1024w, https:\/\/kunstfelscher.de\/wp-content\/uploads\/2026\/02\/20250727_182144_Bild-im-Wohnraum2-768x711.png 768w\" sizes=\"auto, (max-width: 1141px) 100vw, 1141px\" \/><\/figure>\n\n\n\n<figure class=\"wp-block-image size-full\"><img loading=\"lazy\" decoding=\"async\" width=\"2184\" height=\"2560\" data-id=\"2253\" src=\"https:\/\/kunstfelscher.de\/wp-content\/uploads\/2026\/02\/Original-bearb-3-scaled.jpg\" alt=\"\" class=\"wp-image-2253\" srcset=\"https:\/\/kunstfelscher.de\/wp-content\/uploads\/2026\/02\/Original-bearb-3-scaled.jpg 2184w, https:\/\/kunstfelscher.de\/wp-content\/uploads\/2026\/02\/Original-bearb-3-256x300.jpg 256w, https:\/\/kunstfelscher.de\/wp-content\/uploads\/2026\/02\/Original-bearb-3-873x1024.jpg 873w, https:\/\/kunstfelscher.de\/wp-content\/uploads\/2026\/02\/Original-bearb-3-768x900.jpg 768w, https:\/\/kunstfelscher.de\/wp-content\/uploads\/2026\/02\/Original-bearb-3-1310x1536.jpg 1310w, https:\/\/kunstfelscher.de\/wp-content\/uploads\/2026\/02\/Original-bearb-3-1747x2048.jpg 1747w\" sizes=\"auto, (max-width: 2184px) 100vw, 2184px\" \/><\/figure>\n\n\n\n<figure class=\"wp-block-image size-full\"><img loading=\"lazy\" decoding=\"async\" width=\"1462\" height=\"1181\" data-id=\"2251\" src=\"https:\/\/kunstfelscher.de\/wp-content\/uploads\/2026\/02\/20250630_214127_ki.png\" alt=\"\" class=\"wp-image-2251\" srcset=\"https:\/\/kunstfelscher.de\/wp-content\/uploads\/2026\/02\/20250630_214127_ki.png 1462w, https:\/\/kunstfelscher.de\/wp-content\/uploads\/2026\/02\/20250630_214127_ki-300x242.png 300w, https:\/\/kunstfelscher.de\/wp-content\/uploads\/2026\/02\/20250630_214127_ki-1024x827.png 1024w, https:\/\/kunstfelscher.de\/wp-content\/uploads\/2026\/02\/20250630_214127_ki-768x620.png 768w\" sizes=\"auto, (max-width: 1462px) 100vw, 1462px\" \/><\/figure>\n<\/figure>\n\n\n\n<div style=\"height:50px\" aria-hidden=\"true\" class=\"wp-block-spacer\"><\/div>\n\n\n\n<p><em><strong>Heute<\/strong><\/em> bin ich K\u00fcnstlerin mit und aus Leidenschaft. Meine Werke entstehen intuitiv und spontan. Es gibt keinen festen Plan. Sie lassen sich am besten als einen flie\u00dfenden, organischen Prozess beschreiben, der sich immer aus dem jeweiligen Moment heraus entwickelt. Ich lasse mich von Farben und Formen leiten und vertraue darauf, dass sich das Bild unter meiner Regie so entfaltet, wie es sich zeigen m\u00f6chte.<br>Jeder Pinselstrich, jede Farbkombination geschieht aus einem inneren Impuls und ist verbunden mit einem positiven Gedanken, den ich \u00fcber die Leinwand in den Raum transportieren m\u00f6chte. Der Prozess ist nicht nur ein Dialog zwischen mir und dem Bild, sondern auch zwischen dem Bild und dem sp\u00e4teren Betrachter.<\/p>\n\n\n\n<p>Meine Kunst tut gut! Sie lebt und w\u00e4chst, sie entwickelt sich \u2013 und das nicht nur w\u00e4hrend des kreativen Prozesses, sondern auch in der sp\u00e4teren Wahrnehmung des Betrachters. Ganz egal, wo meine Arbeiten ein Zuhause finden, sie erf\u00fcllen ihren Auftrag und sorgen f\u00fcr ein Wohlgef\u00fchl und positive Energie.<\/p>\n\n\n\n<p> <br>Da jedes Bild seine eigene Geschichte erz\u00e4hlt, lasse ich diese Geschichten bewusst offen und verzichte grunds\u00e4tzlich auf Titel. Ich habe festgestellt, dass jeder Betrachter etwas anderes in meinen Werken sieht. Diesen Freiraum der eigenen Interpretation m\u00f6chte ich nicht unn\u00f6tig beschneiden. Vielmehr m\u00f6chte ich den Betrachter einladen, sich ohne Vorgaben auf das Bild einzulassen und zu entdecken, was es f\u00fcr ihn pers\u00f6nlich bedeutet.<\/p>\n\n\n\n<p>Meine Bilder sind fast alle mit hochwertigen Schattenfugen-Rahmen ausgestattet, die von mir selbst individuell zur Farbgebung ausgesucht wurden. Sie sind im angegebenen Preis enthalten. Gerne d\u00fcrfen Sie Bilder zur Auswahl mit nach Hause nehmen und zun\u00e4chst an Ort und Stelle ausprobieren, bevor Sie sich endg\u00fcltig entscheiden. So k\u00f6nnen Sie in Ruhe beurteilen, wie das Bild zu unterschiedlichen Tageszeiten und Lichtverh\u00e4ltnissen in Ihren R\u00e4umen wirkt und die Atmosph\u00e4re ver\u00e4ndert.<\/p>\n\n\n\n<div class=\"wp-block-buttons is-content-justification-center is-layout-flex wp-container-core-buttons-is-layout-16018d1d wp-block-buttons-is-layout-flex\">\n<div class=\"wp-block-button\"><a class=\"wp-block-button__link has-black-color has-luminous-vivid-orange-background-color has-text-color has-background has-link-color wp-element-button\" href=\"https:\/\/kunstfelscher.de\/\" style=\"border-top-left-radius:10px;border-top-right-radius:10px;border-bottom-left-radius:10px;border-bottom-right-radius:10px\">&#8230;zur\u00fcck<\/a><\/div>\n<\/div>\n\n\n\n<p><\/p>\n","protected":false},"excerpt":{"rendered":"<p>Kunst f\u00fcr Raum und Seele Heute bin ich K\u00fcnstlerin mit und aus Leidenschaft. Meine Werke entstehen intuitiv und spontan. Es gibt keinen festen Plan. Sie lassen sich am besten als einen flie\u00dfenden, organischen Prozess beschreiben, der sich immer aus dem jeweiligen Moment heraus entwickelt. Ich lasse mich von Farben und Formen leiten und vertraue darauf, [&hellip;]<\/p>\n","protected":false},"author":2,"featured_media":0,"parent":0,"menu_order":0,"comment_status":"closed","ping_status":"closed","template":"templates\/template-page-full-width.php","meta":{"ngg_post_thumbnail":0,"footnotes":""},"class_list":["post-2292","page","type-page","status-publish","hentry"],"_links":{"self":[{"href":"https:\/\/kunstfelscher.de\/index.php?rest_route=\/wp\/v2\/pages\/2292","targetHints":{"allow":["GET"]}}],"collection":[{"href":"https:\/\/kunstfelscher.de\/index.php?rest_route=\/wp\/v2\/pages"}],"about":[{"href":"https:\/\/kunstfelscher.de\/index.php?rest_route=\/wp\/v2\/types\/page"}],"author":[{"embeddable":true,"href":"https:\/\/kunstfelscher.de\/index.php?rest_route=\/wp\/v2\/users\/2"}],"replies":[{"embeddable":true,"href":"https:\/\/kunstfelscher.de\/index.php?rest_route=%2Fwp%2Fv2%2Fcomments&post=2292"}],"version-history":[{"count":5,"href":"https:\/\/kunstfelscher.de\/index.php?rest_route=\/wp\/v2\/pages\/2292\/revisions"}],"predecessor-version":[{"id":2306,"href":"https:\/\/kunstfelscher.de\/index.php?rest_route=\/wp\/v2\/pages\/2292\/revisions\/2306"}],"wp:attachment":[{"href":"https:\/\/kunstfelscher.de\/index.php?rest_route=%2Fwp%2Fv2%2Fmedia&parent=2292"}],"curies":[{"name":"wp","href":"https:\/\/api.w.org\/{rel}","templated":true}]}}

Kunst für Raum und Seele

<h2 class="wp-block-heading">Kunst für Raum und Seele</h2>



<figure class="wp-block-gallery has-nested-images columns-default is-cropped wp-block-gallery-1 is-layout-flex wp-block-gallery-is-layout-flex">
<figure class="wp-block-image size-full"><img loading="lazy" decoding="async" width="1141" height="1057" data-id="2252" src="https://kunstfelscher.de/wp-content/uploads/2026/02/20250727_182144_Bild-im-Wohnraum2.png" alt="" class="wp-image-2252" srcset="https://kunstfelscher.de/wp-content/uploads/2026/02/20250727_182144_Bild-im-Wohnraum2.png 1141w, https://kunstfelscher.de/wp-content/uploads/2026/02/20250727_182144_Bild-im-Wohnraum2-300x278.png 300w, https://kunstfelscher.de/wp-content/uploads/2026/02/20250727_182144_Bild-im-Wohnraum2-1024x949.png 1024w, https://kunstfelscher.de/wp-content/uploads/2026/02/20250727_182144_Bild-im-Wohnraum2-768x711.png 768w" sizes="auto, (max-width: 1141px) 100vw, 1141px" /></figure>



<figure class="wp-block-image size-full"><img loading="lazy" decoding="async" width="2184" height="2560" data-id="2253" src="https://kunstfelscher.de/wp-content/uploads/2026/02/Original-bearb-3-scaled.jpg" alt="" class="wp-image-2253" srcset="https://kunstfelscher.de/wp-content/uploads/2026/02/Original-bearb-3-scaled.jpg 2184w, https://kunstfelscher.de/wp-content/uploads/2026/02/Original-bearb-3-256x300.jpg 256w, https://kunstfelscher.de/wp-content/uploads/2026/02/Original-bearb-3-873x1024.jpg 873w, https://kunstfelscher.de/wp-content/uploads/2026/02/Original-bearb-3-768x900.jpg 768w, https://kunstfelscher.de/wp-content/uploads/2026/02/Original-bearb-3-1310x1536.jpg 1310w, https://kunstfelscher.de/wp-content/uploads/2026/02/Original-bearb-3-1747x2048.jpg 1747w" sizes="auto, (max-width: 2184px) 100vw, 2184px" /></figure>



<figure class="wp-block-image size-full"><img loading="lazy" decoding="async" width="1462" height="1181" data-id="2251" src="https://kunstfelscher.de/wp-content/uploads/2026/02/20250630_214127_ki.png" alt="" class="wp-image-2251" srcset="https://kunstfelscher.de/wp-content/uploads/2026/02/20250630_214127_ki.png 1462w, https://kunstfelscher.de/wp-content/uploads/2026/02/20250630_214127_ki-300x242.png 300w, https://kunstfelscher.de/wp-content/uploads/2026/02/20250630_214127_ki-1024x827.png 1024w, https://kunstfelscher.de/wp-content/uploads/2026/02/20250630_214127_ki-768x620.png 768w" sizes="auto, (max-width: 1462px) 100vw, 1462px" /></figure>
</figure>



<div style="height:50px" aria-hidden="true" class="wp-block-spacer"></div>



<p><em><strong>Heute</strong></em> bin ich Künstlerin mit und aus Leidenschaft. Meine Werke entstehen intuitiv und spontan. Es gibt keinen festen Plan. Sie lassen sich am besten als einen fließenden, organischen Prozess beschreiben, der sich immer aus dem jeweiligen Moment heraus entwickelt. Ich lasse mich von Farben und Formen leiten und vertraue darauf, dass sich das Bild unter meiner Regie so entfaltet, wie es sich zeigen möchte.<br>Jeder Pinselstrich, jede Farbkombination geschieht aus einem inneren Impuls und ist verbunden mit einem positiven Gedanken, den ich über die Leinwand in den Raum transportieren möchte. Der Prozess ist nicht nur ein Dialog zwischen mir und dem Bild, sondern auch zwischen dem Bild und dem späteren Betrachter.</p>



<p>Meine Kunst tut gut! Sie lebt und wächst, sie entwickelt sich – und das nicht nur während des kreativen Prozesses, sondern auch in der späteren Wahrnehmung des Betrachters. Ganz egal, wo meine Arbeiten ein Zuhause finden, sie erfüllen ihren Auftrag und sorgen für ein Wohlgefühl und positive Energie.</p>



<p> <br>Da jedes Bild seine eigene Geschichte erzählt, lasse ich diese Geschichten bewusst offen und verzichte grundsätzlich auf Titel. Ich habe festgestellt, dass jeder Betrachter etwas anderes in meinen Werken sieht. Diesen Freiraum der eigenen Interpretation möchte ich nicht unnötig beschneiden. Vielmehr möchte ich den Betrachter einladen, sich ohne Vorgaben auf das Bild einzulassen und zu entdecken, was es für ihn persönlich bedeutet.</p>



<p>Meine Bilder sind fast alle mit hochwertigen Schattenfugen-Rahmen ausgestattet, die von mir selbst individuell zur Farbgebung ausgesucht wurden. Sie sind im angegebenen Preis enthalten. Gerne dürfen Sie Bilder zur Auswahl mit nach Hause nehmen und zunächst an Ort und Stelle ausprobieren, bevor Sie sich endgültig entscheiden. So können Sie in Ruhe beurteilen, wie das Bild zu unterschiedlichen Tageszeiten und Lichtverhältnissen in Ihren Räumen wirkt und die Atmosphäre verändert.</p>



<div class="wp-block-buttons is-content-justification-center is-layout-flex wp-container-core-buttons-is-layout-16018d1d wp-block-buttons-is-layout-flex">
<div class="wp-block-button"><a class="wp-block-button__link has-black-color has-luminous-vivid-orange-background-color has-text-color has-background has-link-color wp-element-button" href="https://kunstfelscher.de/" style="border-top-left-radius:10px;border-top-right-radius:10px;border-bottom-left-radius:10px;border-bottom-right-radius:10px">&#8230;zurück</a></div>
</div>



<p></p>

<p>Kunst für Raum und Seele Heute bin ich Künstlerin mit und aus Leidenschaft. Meine Werke entstehen intuitiv und spontan. Es gibt keinen festen Plan. Sie lassen sich am besten als einen fließenden, organischen Prozess beschreiben, der sich immer aus dem jeweiligen Moment heraus entwickelt. Ich lasse mich von Farben und Formen leiten und vertraue darauf, [&hellip;]</p>
